ainder when h is divided by j(-4).
14
Suppose -6*q = -7*q + 37. What is the remainder when 219 is divided by q?
34
Let a(g) = 2*g - 2*g + 471 + 2*g**2 - 483 + 5*g. What is the remainder when 61 is divided by a(-5)?
9
Let d(p) = p**3 + 17*p**2 + 15*p - 1. Let y(i) = 7*i. Let k be (-2 - 0) + 1 + 7. What is the remainder when y(k) is divided by d(-16)?
12
Suppose 4*f - 81 = -h, -3*h = -2*f + 4*f - 43. Calculate the remainder when f is divided by 13.
7
Let y(o) = -o**3 + 17*o**2 + 4*o - 15. Calculate the remainder when 316 is divided by y(17).
51
Suppose 582*t - 584*t + 54 = 0. Calculate the remainder when t is divided by 15.
12
Suppose -2*o = -119 - 1. Let l(q) be the second derivative of q**4/12 - 2*q**2 - q. What is the remainder when o is divided by l(-5)?
18
Suppose 5*f + 16 + 14 = 0. Calculate the remainder when 6 is divided by 8/((-8)/4) - f.
0
Let r = 10 - 14. Let m be (2/r)/((-2)/8). Suppose -2*a + 220 = m*a. What is the remainder when a is divided by 14?
13
Suppose 0 = 7*w - 43 - 167. Calculate the remainder when 14 is divided by ((-36)/w)/((-4)/30).
5
Let p = 1539 - 1446. What is the remainder when p is divided by ((-10)/(-4) + -1)*16?
21
Suppose -113 - 169 = -3*b. Calculate the remainder when 187 is divided by b.
93
Let t = 32 - 30. Let n(x) = 87*x - 7. Calculate the remainder when n(t) is divided by 34.
31
Suppose 0 = -75*s + 72*s + 24. Calculate the remainder when 29 is divided by s.
5
Suppose -5*d - 22 = -l - 8, -2*d + 124 = 5*l. Let w be 16*(-1 + 36/16). Suppose -3*i = 4*r + w - 61, -2 = -i + r. What is the remainder when l is divided by i?
3
Let g(f) = 18*f - 5. Let j(p) = p**3 + p**2 + p + 2. Suppose -x - 2*x + 9 = 3*h, -x + 3 = 5*h. Let o be j(h). What is the remainder when g(o) is divided by 11?
9
Suppose -2*u - 9*b + 4*b = -97, 2*u + b - 109 = 0. Calculate the remainder when 275 is divided by u.
51
What is the remainder when 146 is divided by (-598)/(-18) + 186/(-837)?
14
Suppose -3*k + 51 = -6*k. Let n = -13 - k. Suppose 0 = n*o - 35 - 9. What is the remainder when o is divided by 6?
5
Let y = -378 + 383. Calculate the remainder when 11 is divided by y.
1
Suppose 0 = 3*q + 3*x - 216, x = 3*q - x - 236. Calculate the remainder when q is divided by 27.
22
Let n = 53 - 36. Let u(l) = l**3 - 10*l**2 + 8*l + 1. Let g be u(9). What is the remainder when n is divided by (-82)/g - (-22)/(-88)?
7
Let r = 1883 - 1864. Suppose n = 2*n - 56. Calculate the remainder when n is divided by r.
18
Let h be (-2)/((-24)/9)*-4. Let v be -3 + -52*(2 + h). Suppose v = u + 10. What is the remainder when u is divided by 10?
9
Suppose 0 = -0*k - 4*k + 28. Suppose -s - 4 + 7 = 0. Suppose -100 = -2*q - s*q. What is the remainder when q is divided by k?
6
Let d(g) = g**3 + 11*g**2 - 3*g + 19. Let v = -11 - -19. Calculate the remainder when d(-11) is divided by v.
4
Suppose -5*f = -3*r + 94, 4*r - 71 = 2*r + 5*f. Calculate the remainder when r is divided by 15.
8
Suppose -2 = 6*s - 14. Suppose -12*g + s*g + 70 = 0. Calculate the remainder when 60 is divided by g.
4
Let w = 5 - 8. Suppose -3 = -8*i + 109. Calculate the remainder when i is divided by -1*w*(-2)/(-2).
2
Suppose -2*b + 4*b = 6. Suppose -20 = 107*v - 109*v. What is the remainder when v is divided by b?
1
Let r(y) = y**3 + 4*y**2 - 2*y + 4. Let h = 28 + -26. Suppose -3*m + 3*w = -h*m - 31, -m - 2*w + 56 = 0. What is the remainder when m is divided by r(-4)?
10
Let q be (-2)/4 - (-39)/6. Suppose 3*y - 3*n = 27, -q*y - n = -y - 57. What is the remainder when 32 is divided by y?
10
Let z = -10 - -12. Suppose 5*q + l - 28 = 0, q + 0*l = l + z. Suppose -6*v + 36 = -q*v. Calculate the remainder when v is divided by 13.
10
Suppose -11*q = -7*q + 4*w - 968, -250 = -q - 3*w. What is the remainder when q is divided by 42?
28
Let s = 1 - 5. Suppose -105 = -5*a - 5*j, -5*a - 4*j = -213 + 111. What is the remainder when 1/(-4) - 133/s is divided by a?
15
Suppose -7*o = 3 - 31. Suppose 335 = o*i + i. Calculate the remainder when i is divided by 34.
33
Suppose -4*t = -42 - 14. Let h = 87 + -4. Calculate the remainder when h is divided by t.
13
Let j(v) = v**3 - 11*v**2 - v + 36. Let f = -1 + -3. What is the remainder when j(11) is divided by f/2 - (-30)/2?
12
What is the remainder when (-4)/(-30) - ((-958074)/(-45))/(-26) is divided by 103?
98
Suppose 171*u - 164*u = 1540. Calculate the remainder when u is divided by 3.
1
Let x = -16 - 35. Let n = x - -57. Calculate the remainder when 16 is divided by n.
4
Let l = 588 + -564. What is the remainder when 141 is divided by l?
21
Suppose 0 = -4*y + 6 + 54. Suppose 25 = 5*x - 5*l, -5*x + l - 1 + 18 = 0. What is the remainder when (-3)/(x/(-61)) + -4 is divided by y?
12
Suppose -170 = -3*z + b, -3*z = -b + 3*b - 164. Suppose -z = -28*h + 27*h. Calculate the remainder when h is divided by 19.
18
Let n = -283 + 302. Calculate the remainder when 169 is divided by n.
17
Let m = -368 - -389. What is the remainder when m is divided by (-2)/(-9) - 68/(-18)?
1
Let q(m) = -21 - 6*m**2 + 23 - 2*m**3 + 4*m**2. Calculate the remainder when q(-3) is divided by 10.
8
Let m = 937 + -541. Suppose z - 7*z = -m. What is the remainder when z is divided by 18?
12
Let n(f) = -f**2 + 38*f - 138. What is the remainder when n(30) is divided by 36?
30
Let a = -168 - -623. Calculate the remainder when a is divided by 12.
11
Suppose -3*p + 121 = 4*f - 0*p, 2*f + 5*p - 43 = 0. Suppose 206 = -9*n - 37. Let g = n - -36. What is the remainder when f is divided by g?
7
Let r = 441 + -413. Calculate the remainder when r is divided by 19.
9
Let q(g) = g**3 + 10*g**2 + 7*g - 10. Let m be q(-9). Let i be (3/(-12))/((-1)/m). What is the remainder when i + -3 + 13 + 2 is divided by 5?
4
Let q(i) = -41*i - 15. Calculate the remainder when q(-1) is divided by 9.
8
Let t(a) be the second derivative of a**5/20 + 2*a**4/3 + a**3/3 - 8*a**2 - 4*a. Calculate the remainder when 75 is divided by t(-7).
18
Suppose 3*y + y - 356 = 0. Let x = -56 + y. Let k(p) = p**2 - 6*p + 10. Calculate the remainder when x is divided by k(7).
16
Let x(c) = 4*c + 47. Let o be x(-9). Suppose o*t - 24 = 7*t. What is the remainder when 27 is divided by t?
3
Suppose 0 = -q + 4*q - 48. Let h = q - -45. What is the remainder when h is divided by 16?
13
Let w = -5109 + 5121. Suppose 3*n + 39 = 4*n + 4*v, 105 = 5*n + 2*v. What is the remainder when n is divided by w?
7
Suppose -4*b - 5*v = -b - 445, 3*v - 715 = -5*b. What is the remainder when b is divided by 49?
42
Let p be (-4172)/77 + 4/22. Calculate the remainder when 5 is divided by (-4)/18 + (-228)/p.
1
Let d(n) = 30*n**3 - n**2 + n - 1. Let s = -505 + 515. Calculate the remainder when d(1) is divided by s.
9
Suppose -48 = -3*a - 2*t + 5*t, -2*t - 21 = -a. Suppose 54 = 4*z - 242. Calculate the remainder when z is divided by a.
8
Let l = 49 + -26. Suppose -6*v = -5*v + 1. Calculate the remainder when l is divided by (4/10 + v)*-10.
5
What is the remainder when ((-63)/77 - (-4)/(-22))*-41 is divided by 21?
20
Suppose -x + 6*x + 1070 = 5*f, 5 = -5*x. Let y = -84 + f. What is the remainder when y is divided by 44?
41
Calculate the remainder when (-427)/35 - -11 - (-2131)/5 is divided by 71.
70
Suppose -5*w = -2*g + 3*g - 216, 3*w + 3*g = 132. Suppose 20*n = 18*n + 2. Let u = w - n. Calculate the remainder when u is divided by 9.
6
Suppose -132 = -4*u - 5*r - 1, 3*r = 9. Suppose 2*p - 9 = 1. Let g(t) = t**3 - 5*t**2 + 3*t - 7. What is the remainder when u is divided by g(p)?
5
Let x(u) = 2*u**2 - 6*u + 4. Let k = 11 + -7. Calculate the remainder when x(k) is divided by 7.
5
Suppose 5*o = g + 13, 3*o = 2*o + 5*g - 7. Suppose -5*r + 55 = -5*a, o*r - 65 = -2*a - 3*a. Calculate the remainder when r is divided by 5.
0
Suppose -144 = -15*k - k. Suppose 0 = 3*r - 8*r + 5, 3*l + 2*r = 74. What is the remainder when l is divided by k?
6
Suppose 0 = 3*i + 4*d - 30, -2*i - d = 7 - 32. What is the remainder when 265 is divided by i?
13
Suppose t - 18 = -4*d, 2*d - t + 3*t = 6. Let l = d - 6. Let z(a) = -9*a**3 - a**2 - 2*a - 1. What is the remainder when 42 is divided by z(l)?
6
Suppose -3*v + 3 = 0, 3*v = -3*p + 7*p - 633. What is the remainder when p is divided by 23?
21
Let c(f) = 3*f**2 - 12*f + 67. Calculate the remainder when c(4) is divided by 18.
13
Let a(q) = -2*q**2 + 3 + 3*q**2 + 5*